reds digit of 705727840?
8
What is the ten millions digit of 692548978?
9
What is the ten thousands digit of 249340249?
4
What is the ten thousands digit of 96856128?
5
What is the units digit of 268888692?
2
What is the ten thousands digit of 59791718?
9
What is the units digit of 46202760?
0
What is the hundred thousands digit of 14695423?
6
What is the millions digit of 438232616?
8
What is the millions digit of 10505215?
0
What is the tens digit of 546828891?
9
What is the units digit of 337655364?
4
What is the thousands digit of 282030125?
0
What is the millions digit of 531717602?
1
What is the tens digit of 54960797?
9
What is the units digit of 37589318?
8
What is the hundreds digit of 880861461?
4
What is the billions digit of 2716781397?
2
What is the units digit of 14680551?
1
What is the tens digit of 31525717?
1
What is the hundreds digit of 80232811?
8
What is the hundred thousands digit of 83226602?
2
What is the units digit of 66773176?
6
What is the tens digit of 76453971?
7
What is the millions digit of 551935001?
1
What is the hundred thousands digit of 9925113?
9
What is the hundred millions digit of 890457540?
8
What is the hundred thousands digit of 24382151?
3
What is the ten thousands digit of 75862264?
6
What is the hundred thousands digit of 4004848532?
8
What is the hundred thousands digit of 149991025?
9
What is the millions digit of 62920374?
2
What is the ten millions digit of 2823445390?
2
What is the hundreds digit of 1296066024?
0
What is the ten thousands digit of 122871142?
7
What is the thousands digit of 382494036?
4
What is the hundreds digit of 950829590?
5
What is the thousands digit of 228212172?
2
What is the hundred thousands digit of 886893618?
8
What is the thousands digit of 12373295?
3
What is the hundred thousands digit of 5224449082?
4
What is the ten thousands digit of 1630193585?
9
What is the millions digit of 44919603?
4
What is the units digit of 71683973?
3
What is the units digit of 45650616?
6
What is the millions digit of 426140316?
6
What is the units digit of 35463977?
7
What is the units digit of 628520841?
1
What is the hundreds digit of 31190644?
6
What is the ten thousands digit of 512709362?
0
What is the hundreds digit of 231158097?
0
What is the hundred thousands digit of 77682391?
6
What is the ten thousands digit of 1055526273?
2
What is the units digit of 14615615?
5
What is the thousands digit of 216777024?
7
What is the tens digit of 1511778359?
5
What is the millions digit of 51690669?
1
What is the ten millions digit of 619032424?
1
What is the ten millions digit of 1184131557?
8
What is the tens digit of 331393133?
3
What is the ten thousands digit of 132495529?
9
What is the tens digit of 81960268?
6
What is the thousands digit of 251072678?
2
What is the units digit of 6602799?
9
What is the millions digit of 36916390?
6
What is the ten thousands digit of 65488705?
8
What is the ten thousands digit of 6139541?
3
What is the hundreds digit of 5606909740?
7
What is the units digit of 368057467?
7
What is the thousands digit of 1628792852?
2
What is the ten millions digit of 115683948?
1
What is the thousands digit of 235242355?
2
What is the hundred thousands digit of 194067069?
0
What is the ten thousands digit of 29967043?
6
What is the ten thousands digit of 39032475?
3
What is the ten millions digit of 1219136939?
1
What is the thousands digit of 1669119968?
9
What is the tens digit of 92926747?
4
What is the millions digit of 53286393?
3
What is the hundreds digit of 159320181?
1
What is the thousands digit of 344057943?
7
What is the tens digit of 3481447862?
6
What is the millions digit of 102083845?
2
What is the hundred thousands digit of 4875594340?
5
What is the hundred thousands digit of 1464465661?
4
What is the millions digit of 59781743?
9
What is the millions digit of 289335562?
9
What is the hundred thousands digit of 29285175?
2
What is the ten millions digit of 1188587297?
8
What is the tens digit of 50571269?
6
What is the hundred thousands digit of 6865562?
8
What is the tens digit of 966975818?
1
What is the ten thousands digit of 411763432?
6
What is the ten thousands digit of 1866010?
6
What is the units digit of 423548343?
3
What is the tens digit of 2291316?
1
What is the ten thousands digit of 151549538?
4
What is the thousands digit of 227028257?
8
What is the hundred millions digit of 151843788?
1
What is the ten millions digit of 66343351?
6
What is the millions digit of 51843484?
1
What is the ten thousands digit of 355073980?
7
What is the tens digit of 3808407?
0
What is the ten millions digit of 1469397693?
6
What is the units digit of 1037426599?
9
What is the hundred millions digit of 189925625?
1
What is the tens digit of 74292035?
3
What is the ten millions digit of 13142903?
1
What is the tens digit of 337173646?
4
What is the hundred millions digit of 126658458?
1
What is the hundreds digit of 965346114?
1
What is the hundred thousands digit of 287455335?
4
What is the hundreds digit of 32626174?
1
What is the ten thousands digit of 1579421685?
2
What is the hundred thousands digit of 60651375?
6
What is the ten thousands digit of 23519881?
1
What is the tens digit of 178966844?
4
What is the ten thousands digit of 75765284?
6
What is the units digit of 147072570?
0
What is the hundred thousands digit of 90105525?
1
What is the hundred thousands digit of 109813808?
8
What is the thousands digit of 200821272?
1
What is the tens digit of 524254595?
9
What is the units digit of 1823710930?
0
What is the thousands digit of 1996817714?
7
What is the hundred thousands digit of 206403905?
4
What is the billions digit of 1756766461?
1
What is the units digit of 4386648489?
9
What is the thousands digit of 2670625502?
5
What is the millions digit of 201009087?
1
What is the hundred millions digit of 1222945010?
2
What is the ten thousands digit of 3574131120?
3
What is the ten millions digit of 321584167?
2
What is the ten thousands digit of 4715909704?
0
What is the ten millions digit of 475002511?
7
What is the tens digit of 2500277?
7
What is the ten thousands digit of 672214420?
1
What is the hundreds digit of 616522003?
0
What is the hundreds digit of 4422818?
8
What is the millions digit of 35667736?
5
What is the hundreds digit of 3480854977?
9
What is the tens digit of 177994213?
1
What is the hundreds digit of 472263539?
5
What is the ten millions digit of 47466901?
4
What is the tens digit of 333497381?
8
What is the millions digit of 604862992?
4
What is the hundred thousands digit of 213601247?
6
What is the tens digit of 946085132?
3
What is the hundred millions digit of 4063970182?
0
What is the units digit of 88645292?
2
What is the thousands digit of 75035977?
5
What is the thousands digit of 72459162?
9
What is the millions digit of 1392843120?
2
What is the thousands digit of 33889943?
9
What is the ten thousands digit of 1091461939?
6
What is the ten thousands digit of 798853619?
5
What is the hundred millions digit of 130418926?
1
What is the ten thousands digit of 53166868?
6
What is the units digit of 107799142?
2
What is the hundred thousands digit of 113275609?
2
What is the hundred millions digit of 297911380?
2
What is the hundred thousands digit of 89655769?
6
What is the thousands digit of 1064910769?
0
What is the thousands digit of 1018608207?
8
What is the tens digit of 2181451174?
7
What is the thousands digit of 26943075?
3
What is the millions digit of 120485275?
0
What is the units digit of 40517284?
4
What is the ten thousands digit of 218754832?
5
What is the hundred thousands digit of 746545674?
5
What is the thousands digit of 249709586?
9
What is the ten thousands digit of 122447753?
4
What is the hundreds digit of 333750578?
5
What is the tens digit of 171295033?
3
What is the hundreds digit of 727291603?
6
What is the ten thousands digit of 77212914?
1
What is the thousands digit of 1023513241?
3
What is the hundred millions digit of 1466861465?
4
What is the hundreds digit of 787980609?
6
What is the units digit of 111852999?
9
What is the millions digit of 39894390?
9
What is the hundreds digit of 47714591?
5
What is the hundreds digit of 727341390?
3
What is the millions digit of 123701130